*o**2. Let b be a(r). Let n = b - 4. What is the units digit of n?
5
Let z = 7 + -3. Let g(p) = p**3 - 4*p**2 - p + 2. Let y be g(z). What is the units digit of (4 + y - -1)/1?
3
Let c be 5/(10/4) + 3. What is the units digit of 1 - -1 - (-2 - c)?
9
Suppose 4*l + 44 = 6*l. What is the units digit of l?
2
Suppose -2*s - 6 = -2. Let w = s - -2. Suppose w = 6*h - 8*h + 10. What is the units digit of h?
5
Let n(m) = m**2 + 9*m - 16. What is the units digit of n(-11)?
6
What is the units digit of (1/1 - -2)*1?
3
Suppose -o = -6*o. Let n(s) = o*s + 4*s - 8 - 3*s. What is the units digit of n(10)?
2
Suppose 0 = -0*f - f + 3. Suppose 0 = -f*u - 5*d + 57, u + 4*d = -10 + 29. What is the units digit of u?
9
Let j be (-3)/(-6) + 7/2. Let t = j + -6. What is the units digit of (2/(-4))/(t/8)?
2
Let q be 5*1 - (3 - 3). Suppose u = -3 + q. What is the units digit of u?
2
Let a(b) = 2*b**2 - 9*b - 1. What is the tens digit of a(7)?
3
Let h(c) = 5 - 10*c**2 - 1 - c**3 + 0. What is the units digit of h(-10)?
4
Let n(z) = -10*z + 1. Let h be n(-1). Suppose 0*k = -k + h. What is the units digit of k?
1
Let c = 17 + -9. Suppose -4*p + c = -0. Let k(v) = 5*v**2 - 2*v - 1. What is the tens digit of k(p)?
1
Let n = -3 - -3. Let h = n - -16. Suppose u + h = 3*u. What is the units digit of u?
8
Let r be -1 + (-7 + 3)/1. Let l = -5 - r. Suppose -3*y + 3 = -2*a - l, -5*y + 30 = 5*a. What is the units digit of a?
3
Let v = -5 + -2. Let l = v + 23. Suppose 4*d - l = -0*d. What is the units digit of d?
4
Let n = 18 - 2. Let q = n - -1. What is the tens digit of q?
1
Let m be 34/9 - 20/(-90). Suppose 3*f = -a + 65, -m*f - 4*a = -2*a - 84. What is the tens digit of f?
2
Let k = -8 + 12. Let c be (-2)/k + (-26)/(-4). Let p = c - -5. What is the units digit of p?
1
Let l = 17 - -11. What is the units digit of l?
8
Let p(l) = 17*l**2 - 3*l - 4. What is the units digit of p(3)?
0
Suppose -i + 4*x + 31 = -46, -3*i + 2*x + 241 = 0. What is the units digit of i?
1
Suppose -2*r = -3*r + 22. What is the units digit of r?
2
Suppose 0 = -0*x + 5*x. Suppose u + 2*t - 26 = -x*u, 5*u + 2*t = 98. What is the tens digit of u?
1
Suppose 4*y - 81 - 171 = 0. What is the units digit of y?
3
Let r be (5/(-4))/(2/(-8)). Let s(b) = 4 - 6*b + b**2 - 2*b + r*b. What is the units digit of s(4)?
8
Let l(n) = n**2 + 5*n + 4. Let s be l(-3). Let u be 0/(3/((-3)/s)). Suppose u = -0*y + 3*y - 12. What is the units digit of y?
4
Let r(s) = s**3 + 3*s**2 - 3*s - 2. Let z = -4 - 0. Let f = -7 - z. What is the units digit of r(f)?
7
Let j(s) = -3*s + 1. Let c be 2*2 + -1 + 0. Suppose -3*b + c = 0, -b = 2*r + b. What is the units digit of j(r)?
4
Let b = -6 - -11. Let i be 3/4 + b/20. What is the units digit of ((-2)/6)/(i/(-12))?
4
Let i(w) = -w**2 - 3*w + 11. What is the units digit of i(-4)?
7
Suppose 2*a = 4*m - 210, -5*m + 2*m = 4*a - 141. What is the units digit of m?
1
What is the tens digit of -2*1/(8/(-108))?
2
Let g(r) = -3*r**2 - 12 + 34*r**2 + 13. What is the units digit of g(-1)?
2
Suppose -3*v - 3*a = 18, -3*a - 16 = 3*v + 2*a. Let m(p) be the first derivative of -p**4/4 - 8*p**3/3 - 9*p**2/2 - 10*p - 2. What is the units digit of m(v)?
4
Suppose -15 - 1 = -2*r. What is the units digit of r?
8
Let o be (8 + 37)*(1 + 1). Suppose -3*g - 6 = -o. What is the units digit of g?
8
Let j = 10 + -2. Let n(f) = -1 - 9*f + 3 + f**2 + 8 + 0. What is the units digit of n(j)?
2
Let a = -3 - -10. What is the units digit of a?
7
Suppose 2*a + 3*a - 185 = 0. What is the tens digit of a?
3
Let v = 47 - 11. What is the units digit of v?
6
Let p = -55 - -128. Let l = -36 + p. What is the tens digit of l?
3
Let l(c) be the first derivative of -c**3/3 + 7*c**2/2 + c + 3. Suppose -5*m = -5 - 30. What is the units digit of l(m)?
1
Let d(w) = -w**2 + w**3 - 5*w**2 + 6*w + 0*w - 4. Let u be d(4). What is the units digit of (0 - u)*4/6?
8
Let n = -114 + 237. What is the units digit of n?
3
Let a = 122 - 57. What is the units digit of a?
5
Let v(x) = 6*x**2 - 11*x - 6. What is the hundreds digit of v(-4)?
1
Suppose -2*t + 32 = 2*t. What is the units digit of t?
8
Suppose 0*q - 36 = -4*q. Let j = 4 - q. What is the tens digit of (j - -4) + 12*1?
1
Let u(y) = -y**3 - 8*y**2 + 10*y + 8. Let m be u(-9). What is the units digit of m/(-3)*(4 + 11)?
5
Let k(t) = t**3 - 6*t**2. Let a be k(6). Let q = a - -19. What is the tens digit of q?
1
Suppose -2*i = -25 - 11. Suppose 3*g = 7*g. Suppose g*y + i = y. What is the units digit of y?
8
Let l(p) = 2*p - 8. Let t be l(6). Suppose m - 11 = -5*c, 3*m + t*c - 18 = 4. Let q = m - -1. What is the units digit of q?
7
Let d = 5 - 3. Suppose w - 3 = -d*w. What is the units digit of w?
1
Let h = 23 - 17. Let v(s) be the first derivative of 3*s**2/2 - 7*s - 1. What is the units digit of v(h)?
1
Suppose 2*x + 9 = 21. Let i = x + 0. Suppose q = 4*q - i. What is the units digit of q?
2
Suppose 2*n = n + 43. What is the units digit of n?
3
Suppose 12*g = 10*g + 266. What is the units digit of g?
3
Let b(v) = v**3 - 13*v**2 + 13*v - 2. Let k be (-8)/28 + (-144)/(-14). Let s be b(k). What is the tens digit of 8/(-28) - s/14?
1
Let m = 238 + -148. What is the units digit of m?
0
Suppose 565 = j + j - 3*w, -5*w = 5. What is the units digit of j?
1
Let l be 3*(1 - 2/(-3)). Suppose -4*x = -f + 7, -f = -2*x + l*x. What is the units digit of f?
3
Suppose 4*v - 260 = -3*x, 0*x + 2*x - 8 = 0. What is the units digit of v?
2
Suppose g + 14 = -g. Let t(r) = -6*r - 9. What is the tens digit of t(g)?
3
Suppose 4*o - 6 = 6. Suppose -52 = -t - o*t. What is the units digit of t?
3
Let h(c) = c**3 + c**2 - 2*c - 2. Suppose -3*u - 4*b - 11 = 0, 4*u - b = -4*b - 3. What is the tens digit of h(u)?
2
Let l be -1 + 1 + -3 - -1. Suppose -3*j + 6*j = 0. What is the units digit of l/(1*(j + -1))?
2
Let b = 3 + 0. Suppose 2*p - 7 = -h + 3*p, 4*p + b = -h. What is the units digit of 2/h + (-3)/(-5)?
1
What is the tens digit of 3/15 + 1764/30?
5
Let r be 2/((10/102)/(-5)). What is the units digit of r/(-9)*6/4?
7
Let p = 7 + -17. Let l = -5 - p. What is the units digit of l?
5
Let q(y) = 9*y - 3. Let s be 3 + (0 - (3 - 2)). What is the units digit of q(s)?
5
Let h = 2 - 6. Let y be -6*(-1)/(-2) - 6. Let k = h - y. What is the units digit of k?
5
Let s = -8 - -10. Suppose 1 = i + 4*r, 0*i - 4*i - s*r + 18 = 0. Suppose -4*y + 9 = 5*u - 35, 0 = i*y - u - 55. What is the tens digit of y?
1
Let n(x) be the third derivative of -x**6/120 + 11*x**5/60 + x**4/24 + 5*x**3/6 + 2*x**2. What is the units digit of n(11)?
6
Suppose 0 = -s + 8 + 19. What is the tens digit of s?
2
Let q(g) = 2*g**2 - 3*g + 1. Suppose 0 = -5*u + 4*f - 73, -3*u - 2*u = -2*f + 69. Let c = -10 - u. What is the units digit of q(c)?
0
Let b = -6 + 10. Let s = b - 1. What is the units digit of s?
3
Let z = -5 - -6. What is the tens digit of 94/4 - z/2?
2
Let f(c) = -6*c + 77. What is the tens digit of f(0)?
7
Let a(l) = -2*l**2 + 49*l + 14. What is the hundreds digit of a(21)?
1
Let p(i) = i**2 - 6*i + 1. Let z be p(-7). Suppose -3*d + 4*f = -65, 6*d - 2*d - 4*f = z. What is the units digit of d?
7
Let p = 12 - -24. What is the units digit of p?
6
What is the tens digit of 5 - (-4)/(-4) - (-126 + 0)?
3
Let q(f) = 309*f**2 + f - 3. What is the tens digit of q(1)?
0
Let s(b) = -12*b**2 + 2*b + 2. Let r be s(2). What is the units digit of 2/7 - 1500/r?
6
Suppose 5*v = 7*v + 2. Let f be 0 + -2 + 17 + v. Suppose 3*t = -2 + f. What is the units digit of t?
4
Let h(s) = -s**3 - 8*s**2 - 2*s - 11. What is the units digit of h(-8)?
5
Suppose 6*n = -n + 840. What is the units digit of n?
0
Suppose -4*x - 2*l + 19 = -3, -4*l + 20 = 0. Let o = 5 - x. Suppose o*y - 4*m - 10 = 0, 5*y - 22 = 3*m + 3. What is the units digit of y?
5
Suppose 9 + 6 = 3*v. Suppose 5*i - 4*k = 70 + 5, 4*i - 3*k = 61. Suppose -2*t - v = -i. What is the units digit of t?
7
Let g(o) = -2*o + 56. What is the tens digit of g(0)?
5
Let y(z) be the second derivative of -z**5/20 - 3*z**4/4 - 5*z**3/3 - 11*z**2/2 + z. Let j = -20 - -12. What is the units digit of y(j)?
5
Suppose l = 2*l - 23. Suppose -5*t - l = 2*s - 3*s, -s - t - 7 = 0. What is the units digit of -1*s/6*12?
4
Let a(h) be the third derivative of h**5/60 + h**4/6 - 11*h**3/6 - 4*h**2. What is the tens digit of a(-9)?
3
Suppose -7*u + 8 + 62 